{"id":23,"date":"2024-08-14T07:51:56","date_gmt":"2024-08-14T07:51:56","guid":{"rendered":"https:\/\/salut.cl.h2g.pl\/index.php\/zapory-sieciowe\/"},"modified":"2024-09-11T06:54:18","modified_gmt":"2024-09-11T06:54:18","slug":"zapory-sieciowe","status":"publish","type":"page","link":"https:\/\/salutaris.com.pl\/index.php\/bezpieczenstwo-it\/zapory-sieciowe\/","title":{"rendered":"Zapory sieciowe UTM"},"content":{"rendered":"<div class=\"n2_clear\"><ss3-force-full-width data-overflow-x=\"body\" data-horizontal-selector=\"body\"><div class=\"n2-section-smartslider fitvidsignore  n2_clear\" data-ssid=\"24\"><div class=\"n2-ss-margin\" style=\"margin: -10px -10px -10px -10px;\"><div id=\"n2-ss-24-align\" class=\"n2-ss-align\"><div class=\"n2-padding\"><div id=\"n2-ss-24\" data-creator=\"Smart Slider 3\" data-responsive=\"fullwidth\" class=\"n2-ss-slider n2-ow n2-has-hover n2notransition  \">\n        <div class=\"n2-ss-slider-1 n2_ss__touch_element n2-ow\">\n            <div class=\"n2-ss-slider-2 n2-ow\">\n                                                <div class=\"n2-ss-slider-3 n2-ow\">\n\n                    <div class=\"n2-ss-slide-backgrounds n2-ow-all\"><div class=\"n2-ss-slide-background\" data-public-id=\"1\" data-mode=\"fill\"><div class=\"n2-ss-slide-background-image\" data-blur=\"0\" data-opacity=\"64\" data-x=\"72\" data-y=\"73\" data-alt=\"\" data-title=\"\" style=\"opacity:0.64;--ss-o-pos-x:72%;--ss-o-pos-y:73%\"><picture class=\"skip-lazy\" data-skip-lazy=\"1\"><img decoding=\"async\" src=\"\/\/salutaris.com.pl\/wp-content\/uploads\/2024\/08\/firewalls1.jpg\" alt=\"\" title=\"\" loading=\"lazy\" class=\"skip-lazy\" data-skip-lazy=\"1\"><\/picture><\/div><div data-color=\"RGBA(8,13,46,1)\" style=\"background-color: RGBA(8,13,46,1);\" class=\"n2-ss-slide-background-color\"><\/div><\/div><\/div>                    <div class=\"n2-ss-slider-4 n2-ow\">\n                        <svg xmlns=\"http:\/\/www.w3.org\/2000\/svg\" viewBox=\"0 0 1400 450\" data-related-device=\"desktopPortrait\" class=\"n2-ow n2-ss-preserve-size n2-ss-preserve-size--slider n2-ss-slide-limiter\"><\/svg><div data-first=\"1\" data-slide-duration=\"0\" data-id=\"45\" data-slide-public-id=\"1\" data-title=\"kontakt2\" class=\"n2-ss-slide n2-ow  n2-ss-slide-45\"><div role=\"note\" class=\"n2-ss-slide--focus\" tabindex=\"-1\">kontakt2<\/div><div class=\"n2-ss-layers-container n2-ss-slide-limiter n2-ow\"><div class=\"n2-ss-layer n2-ow n-uc-8fu3T7qtPfT7\" data-sstype=\"slide\" data-pm=\"default\"><div class=\"n2-ss-layer n2-ow n-uc-GImHlOZ5qSGQ\" data-pm=\"default\" data-sstype=\"content\" data-hasbackground=\"0\"><div class=\"n2-ss-section-main-content n2-ss-layer-with-background n2-ss-layer-content n2-ow n-uc-GImHlOZ5qSGQ-inner\"><div class=\"n2-ss-layer n2-ow n-uc-WVVffPpU3n4X\" data-pm=\"normal\" data-animv2=\"{&quot;basic&quot;:{&quot;in&quot;:{&quot;type&quot;:&quot;basic&quot;,&quot;name&quot;:&quot;Top fade&quot;,&quot;keyFrames&quot;:[{&quot;opacity&quot;:0,&quot;y&quot;:&quot;100&quot;}]}}}\" data-hidemobileportrait=\"1\" data-sstype=\"layer\"><div id=\"n2-ss-24item1\" class=\"n2-font-1666058c7c2e4ed84c13d54936be506a-hover   n2-ss-item-content n2-ss-text n2-ow\" style=\"display:block;\">Zapory Sieciowe<\/div><\/div><div class=\"n2-ss-layer n2-ow n-uc-1e19650d1d4eb\" data-pm=\"normal\" data-animv2=\"{&quot;basic&quot;:{&quot;in&quot;:{&quot;type&quot;:&quot;basic&quot;,&quot;name&quot;:&quot;Top fade&quot;,&quot;keyFrames&quot;:[{&quot;opacity&quot;:0,&quot;y&quot;:&quot;100&quot;}]}}}\" data-hidedesktopportrait=\"1\" data-hidetabletportrait=\"1\" data-sstype=\"layer\"><div id=\"n2-ss-24item2\" class=\"n2-font-1666058c7c2e4ed84c13d54936be506a-hover   n2-ss-item-content n2-ss-text n2-ow\" style=\"display:block;\">Zapory Sieciowe<\/div><\/div><div class=\"n2-ss-layer n2-ow n-uc-eF7BWOx5Obgk\" data-pm=\"normal\" data-animv2=\"{&quot;basic&quot;:{&quot;in&quot;:{&quot;type&quot;:&quot;basic&quot;,&quot;name&quot;:&quot;Bottom fade&quot;,&quot;keyFrames&quot;:[{&quot;opacity&quot;:0,&quot;y&quot;:-400}]}}}\" data-hidemobileportrait=\"1\" data-sstype=\"layer\"><div class=\"n2-ss-item-content n2-ss-text n2-ow-all\"><div class=\"\"><p class=\"n2-font-7df810bc918dddab926f0e54245c6cc3-paragraph   \">Kompleksowa Ochrona z UTM FortiGate<\/p>\n<\/div><\/div><\/div><div class=\"n2-ss-layer n2-ow n-uc-174a3adbfca7d\" data-pm=\"normal\" data-animv2=\"{&quot;basic&quot;:{&quot;in&quot;:{&quot;type&quot;:&quot;basic&quot;,&quot;name&quot;:&quot;Bottom fade&quot;,&quot;keyFrames&quot;:[{&quot;opacity&quot;:0,&quot;y&quot;:-400}]}}}\" data-hidedesktopportrait=\"1\" data-hidetabletportrait=\"1\" data-sstype=\"layer\"><div class=\"n2-ss-item-content n2-ss-text n2-ow-all\"><div class=\"\"><p class=\"n2-font-7df810bc918dddab926f0e54245c6cc3-paragraph   \">Kompleksowa Ochrona z UTM FortiGate<\/p>\n<\/div><\/div><\/div><\/div><\/div><\/div><\/div><\/div>                    <\/div>\n\n                                    <\/div>\n            <\/div>\n        <\/div>\n        <\/div><ss3-loader><\/ss3-loader><\/div><\/div><div class=\"n2_clear\"><\/div><\/div><\/div><\/ss3-force-full-width><\/div>\n\n\n<div style=\"height:50px\" aria-hidden=\"true\" class=\"wp-block-spacer\"><\/div>\n\n\n\n<p class=\"has-medium-font-size\">W dzisiejszym, coraz bardziej z\u0142o\u017conym \u015brodowisku cyberzagro\u017ce\u0144, tradycyjne metody ochrony sieci przestaj\u0105 by\u0107 wystarczaj\u0105ce. W odpowiedzi na rosn\u0105ce potrzeby firm, rozwi\u0105zania typu UTM (Unified Threat Management) \u0142\u0105cz\u0105 wiele funkcji bezpiecze\u0144stwa w jednym urz\u0105dzeniu. Jednym z wiod\u0105cych rozwi\u0105za\u0144 w tej dziedzinie jest UTM FortiGate, kt\u00f3re oferuje zaawansowan\u0105 ochron\u0119 sieci, \u0142atwo\u015b\u0107 zarz\u0105dzania oraz skalowalno\u015b\u0107 dostosowan\u0105 do potrzeb wsp\u00f3\u0142czesnych organizacji.<\/p>\n\n\n\n<div style=\"height:26px\" aria-hidden=\"true\" class=\"wp-block-spacer\"><\/div>\n\n\n\n<div class=\"wp-block-columns is-layout-flex wp-container-core-columns-is-layout-9d6595d7 wp-block-columns-is-layout-flex\">\n<div class=\"wp-block-column is-layout-flow wp-block-column-is-layout-flow\">\n<figure class=\"wp-block-image size-large ishadow\"><img loading=\"lazy\" decoding=\"async\" width=\"778\" height=\"1024\" src=\"https:\/\/salutaris.com.pl\/wp-content\/uploads\/2024\/08\/firewallp1-778x1024.jpg\" alt=\"\" class=\"wp-image-453\" srcset=\"https:\/\/salutaris.com.pl\/wp-content\/uploads\/2024\/08\/firewallp1-778x1024.jpg 778w, https:\/\/salutaris.com.pl\/wp-content\/uploads\/2024\/08\/firewallp1-228x300.jpg 228w, https:\/\/salutaris.com.pl\/wp-content\/uploads\/2024\/08\/firewallp1-768x1011.jpg 768w, https:\/\/salutaris.com.pl\/wp-content\/uploads\/2024\/08\/firewallp1-500x658.jpg 500w, https:\/\/salutaris.com.pl\/wp-content\/uploads\/2024\/08\/firewallp1.jpg 800w\" sizes=\"auto, (max-width: 778px) 100vw, 778px\" \/><\/figure>\n<\/div>\n\n\n\n<div class=\"wp-block-column is-layout-flow wp-block-column-is-layout-flow\">\n<p class=\"has-large-font-size\"><strong>Czym s\u0105 Zapory Sieciowe i UTM?<\/strong><\/p>\n\n\n\n<p>Zapory sieciowe, zwane r\u00f3wnie\u017c firewallami, to podstawowe narz\u0119dzie s\u0142u\u017c\u0105ce do ochrony sieci przed nieautoryzowanym dost\u0119pem i atakami. Tradycyjne zapory dzia\u0142aj\u0105 na zasadzie filtrowania ruchu sieciowego na podstawie zdefiniowanych regu\u0142, co pozwala na kontrolowanie, kt\u00f3re dane mog\u0105 dosta\u0107 si\u0119 do sieci, a kt\u00f3re powinny zosta\u0107 zablokowane.<\/p>\n\n\n\n<h2 class=\"wp-block-heading has-medium-font-size\">Antywirus:<\/h2>\n\n\n\n<p class=\"has-vivid-cyan-blue-color has-text-color has-link-color has-medium-font-size wp-elements-f91c118ad1493839a31d31cd496f0818\">Skanowanie i blokowanie z\u0142o\u015bliwego oprogramowania.<\/p>\n\n\n\n<h2 class=\"wp-block-heading has-medium-font-size\">Zapobieganie W\u0142amaniom (IPS):<\/h2>\n\n\n\n<p class=\"has-vivid-cyan-blue-color has-text-color has-link-color has-medium-font-size wp-elements-effe4e000dce943ae430656c7ef7955c\">Wykrywanie i neutralizowanie pr\u00f3b atak\u00f3w na systemy.<\/p>\n\n\n\n<h2 class=\"wp-block-heading has-medium-font-size\">Filtracja Tre\u015bci:<\/h2>\n\n\n\n<p class=\"has-vivid-cyan-blue-color has-text-color has-link-color has-medium-font-size wp-elements-e45b50407e81b1fc88619571e4a7221d\">Kontrola dost\u0119pu do niepo\u017c\u0105danych lub niebezpiecznych stron internetowych.<\/p>\n\n\n\n<h2 class=\"wp-block-heading has-medium-font-size\">VPN:<\/h2>\n\n\n\n<p class=\"has-vivid-cyan-blue-color has-text-color has-link-color has-medium-font-size wp-elements-06d8d98e1cc0ddf9a6be46640462a04b\">Zabezpieczenie komunikacji wirtualnych sieci prywatnych.<\/p>\n\n\n\n<h2 class=\"wp-block-heading has-medium-font-size\">Ochrona Przed Atakami DDoS:<\/h2>\n\n\n\n<p class=\"has-vivid-cyan-blue-color has-text-color has-link-color has-medium-font-size wp-elements-4295a6edd165511628e2347e78891290\">Ochrona przed atakami maj\u0105cymi na celu przeci\u0105\u017cenie sieci.<\/p>\n<\/div>\n<\/div>\n\n\n\n<p><strong>Dlaczego FortiGate?<\/strong><\/p>\n\n\n\n<p>FortiGate to rodzina urz\u0105dze\u0144 UTM oferowana przez firm\u0119 Fortinet, kt\u00f3ra zyska\u0142a reputacj\u0119 jednego z lider\u00f3w w dziedzinie zabezpiecze\u0144 sieciowych. FortiGate wyr\u00f3\u017cnia si\u0119 na tle innych rozwi\u0105za\u0144 dzi\u0119ki zaawansowanej technologii oraz wszechstronno\u015bci, kt\u00f3re sprawiaj\u0105, \u017ce jest to idealne rozwi\u0105zanie zar\u00f3wno dla ma\u0142ych firm, jak i du\u017cych korporacji.<\/p>\n\n\n\n<ul class=\"wp-block-list\">\n<li><strong>Zintegrowane Funkcje Bezpiecze\u0144stwa<\/strong>: FortiGate \u0142\u0105czy w sobie wszystkie kluczowe elementy ochrony, takie jak firewall, IPS, antywirus, filtracja tre\u015bci, a tak\u017ce zaawansowan\u0105 ochron\u0119 przed zagro\u017ceniami zero-day.<\/li>\n\n\n\n<li><strong>Wysoka Wydajno\u015b\u0107<\/strong>: Dzi\u0119ki wykorzystaniu specjalizowanych procesor\u00f3w FortiASIC, FortiGate zapewnia wydajno\u015b\u0107 na najwy\u017cszym poziomie, umo\u017cliwiaj\u0105c skanowanie ruchu w czasie rzeczywistym bez wp\u0142ywu na pr\u0119dko\u015b\u0107 dzia\u0142ania sieci.<\/li>\n\n\n\n<li><strong>\u0141atwo\u015b\u0107 Zarz\u0105dzania<\/strong>: Centralne zarz\u0105dzanie przez FortiManager umo\u017cliwia \u0142atwe konfigurowanie, monitorowanie i aktualizowanie polityk bezpiecze\u0144stwa, co jest szczeg\u00f3lnie przydatne w du\u017cych, rozproszonych \u015brodowiskach.<\/li>\n\n\n\n<li><strong>Skalowalno\u015b\u0107<\/strong>: FortiGate oferuje rozwi\u0105zania dostosowane do potrzeb ka\u017cdej organizacji, od ma\u0142ych biur po rozbudowane centra danych, co pozwala na elastyczne rozbudowywanie infrastruktury w miar\u0119 wzrostu firmy.<\/li>\n\n\n\n<li><strong>Wielowarstwowa Ochrona<\/strong>: FortiGate zapewnia kompleksow\u0105 ochron\u0119 na r\u00f3\u017cnych poziomach, od zabezpiecze\u0144 na granicy sieci, przez kontrol\u0119 aplikacji, a\u017c po zaawansowane mechanizmy ochrony danych i zarz\u0105dzanie to\u017csamo\u015bci\u0105.<\/li>\n<\/ul>\n\n\n\n<div style=\"height:100px\" aria-hidden=\"true\" class=\"wp-block-spacer\"><\/div>\n\n\n\n<div class=\"wp-block-columns is-layout-flex wp-container-core-columns-is-layout-9d6595d7 wp-block-columns-is-layout-flex\">\n<div class=\"wp-block-column is-layout-flow wp-block-column-is-layout-flow\">\n<div style=\"height:40px\" aria-hidden=\"true\" class=\"wp-block-spacer\"><\/div>\n\n\n\n<p><strong>Korzy\u015bci z Wdro\u017cenia UTM FortiGate<\/strong><\/p>\n\n\n\n<ul class=\"wp-block-list\">\n<li><strong>Zintegrowana Ochrona<\/strong>: Wszystkie kluczowe funkcje bezpiecze\u0144stwa w jednym urz\u0105dzeniu, co upraszcza zarz\u0105dzanie i redukuje koszty.<\/li>\n\n\n\n<li><strong>Szybka Reakcja na Zagro\u017cenia<\/strong>: Automatyczne wykrywanie i reagowanie na zagro\u017cenia w czasie rzeczywistym.<\/li>\n\n\n\n<li><strong>Oszcz\u0119dno\u015b\u0107 Czasu i Zasob\u00f3w<\/strong>: Dzi\u0119ki centralnemu zarz\u0105dzaniu i automatyzacji wielu proces\u00f3w bezpiecze\u0144stwa, FortiGate pozwala na bardziej efektywne wykorzystanie zasob\u00f3w IT.<\/li>\n\n\n\n<li><strong>Bezpiecze\u0144stwo na Najwy\u017cszym Poziomie<\/strong>: Regularne aktualizacje i zaawansowane mechanizmy ochrony zapewniaj\u0105 bezpiecze\u0144stwo przed najnowszymi zagro\u017ceniami.<\/li>\n<\/ul>\n<\/div>\n\n\n\n<div class=\"wp-block-column is-layout-flow wp-block-column-is-layout-flow\">\n<figure class=\"wp-block-image size-full ishadow\"><img loading=\"lazy\" decoding=\"async\" width=\"1000\" height=\"711\" src=\"https:\/\/salutaris.com.pl\/wp-content\/uploads\/2024\/08\/firewallp2.jpg\" alt=\"\" class=\"wp-image-498\" srcset=\"https:\/\/salutaris.com.pl\/wp-content\/uploads\/2024\/08\/firewallp2.jpg 1000w, https:\/\/salutaris.com.pl\/wp-content\/uploads\/2024\/08\/firewallp2-300x213.jpg 300w, https:\/\/salutaris.com.pl\/wp-content\/uploads\/2024\/08\/firewallp2-768x546.jpg 768w, https:\/\/salutaris.com.pl\/wp-content\/uploads\/2024\/08\/firewallp2-500x356.jpg 500w, https:\/\/salutaris.com.pl\/wp-content\/uploads\/2024\/08\/firewallp2-800x569.jpg 800w\" sizes=\"auto, (max-width: 1000px) 100vw, 1000px\" \/><\/figure>\n<\/div>\n<\/div>\n\n\n\n<div style=\"height:30px\" aria-hidden=\"true\" class=\"wp-block-spacer\"><\/div>\n\n\n\n<p class=\"has-medium-font-size\">W obliczu coraz bardziej zaawansowanych zagro\u017ce\u0144 cybernetycznych, inwestycja w zaawansowane rozwi\u0105zania bezpiecze\u0144stwa staje si\u0119 konieczno\u015bci\u0105. UTM FortiGate to kompleksowe narz\u0119dzie, kt\u00f3re \u0142\u0105czy w sobie wszystkie kluczowe funkcje ochrony sieciowej, zapewniaj\u0105c spok\u00f3j i bezpiecze\u0144stwo zar\u00f3wno dla ma\u0142ych, jak i du\u017cych organizacji. Aby dowiedzie\u0107 si\u0119 wi\u0119cej o mo\u017cliwo\u015bciach FortiGate i jak mo\u017ce on pom\u00f3c w zabezpieczeniu Twojej infrastruktury, zapraszamy do lektury naszego artyku\u0142u.<\/p>\n\n\n\n<div style=\"height:100px\" aria-hidden=\"true\" class=\"wp-block-spacer\"><\/div>\n","protected":false},"excerpt":{"rendered":"<p>W dzisiejszym, coraz bardziej z\u0142o\u017conym \u015brodowisku cyberzagro\u017ce\u0144, tradycyjne metody ochrony sieci przestaj\u0105 by\u0107 wystarczaj\u0105ce. W odpowiedzi na rosn\u0105ce potrzeby firm, rozwi\u0105zania typu UTM (Unified Threat Management) \u0142\u0105cz\u0105 wiele funkcji bezpiecze\u0144stwa w jednym urz\u0105dzeniu. Jednym z wiod\u0105cych rozwi\u0105za\u0144 w tej dziedzinie jest UTM FortiGate, kt\u00f3re oferuje zaawansowan\u0105 ochron\u0119 sieci, \u0142atwo\u015b\u0107 zarz\u0105dzania oraz skalowalno\u015b\u0107 dostosowan\u0105 do potrzeb [&hellip;]<\/p>\n","protected":false},"author":2,"featured_media":0,"parent":11,"menu_order":3,"comment_status":"closed","ping_status":"closed","template":"","meta":{"footnotes":""},"class_list":["post-23","page","type-page","status-publish","hentry"],"_links":{"self":[{"href":"https:\/\/salutaris.com.pl\/index.php\/wp-json\/wp\/v2\/pages\/23","targetHints":{"allow":["GET"]}}],"collection":[{"href":"https:\/\/salutaris.com.pl\/index.php\/wp-json\/wp\/v2\/pages"}],"about":[{"href":"https:\/\/salutaris.com.pl\/index.php\/wp-json\/wp\/v2\/types\/page"}],"author":[{"embeddable":true,"href":"https:\/\/salutaris.com.pl\/index.php\/wp-json\/wp\/v2\/users\/2"}],"replies":[{"embeddable":true,"href":"https:\/\/salutaris.com.pl\/index.php\/wp-json\/wp\/v2\/comments?post=23"}],"version-history":[{"count":52,"href":"https:\/\/salutaris.com.pl\/index.php\/wp-json\/wp\/v2\/pages\/23\/revisions"}],"predecessor-version":[{"id":506,"href":"https:\/\/salutaris.com.pl\/index.php\/wp-json\/wp\/v2\/pages\/23\/revisions\/506"}],"up":[{"embeddable":true,"href":"https:\/\/salutaris.com.pl\/index.php\/wp-json\/wp\/v2\/pages\/11"}],"wp:attachment":[{"href":"https:\/\/salutaris.com.pl\/index.php\/wp-json\/wp\/v2\/media?parent=23"}],"curies":[{"name":"wp","href":"https:\/\/api.w.org\/{rel}","templated":true}]}}